{"id":1768,"date":"2021-02-02T10:56:56","date_gmt":"2021-02-02T09:56:56","guid":{"rendered":"https:\/\/www.metzavelo.fr\/?page_id=1768"},"modified":"2026-01-24T12:13:08","modified_gmt":"2026-01-24T11:13:08","slug":"nous-connaitre","status":"publish","type":"page","link":"https:\/\/www.metzavelo.fr\/?page_id=1768","title":{"rendered":"L&rsquo;association"},"content":{"rendered":"\t\t<div data-elementor-type=\"wp-page\" data-elementor-id=\"1768\" class=\"elementor elementor-1768\" data-elementor-post-type=\"page\">\n\t\t\t\t\t\t<section class=\"elementor-section elementor-top-section elementor-element elementor-element-56964601 elementor-section-boxed elementor-section-height-default elementor-section-height-default\" data-id=\"56964601\" data-element_type=\"section\" data-e-type=\"section\">\n\t\t\t\t\t\t<div class=\"elementor-container elementor-column-gap-default\">\n\t\t\t\t\t<div class=\"elementor-column elementor-col-100 elementor-top-column elementor-element elementor-element-5e7e94b4\" data-id=\"5e7e94b4\" data-element_type=\"column\" data-e-type=\"column\">\n\t\t\t<div class=\"elementor-widget-wrap elementor-element-populated\">\n\t\t\t\t\t\t<div class=\"elementor-element elementor-element-7473a4e elementor-widget elementor-widget-text-editor\" data-id=\"7473a4e\" data-element_type=\"widget\" data-e-type=\"widget\" data-widget_type=\"text-editor.default\">\n\t\t\t\t<div class=\"elementor-widget-container\">\n\t\t\t\t\t\t\t\t\t<p><strong>Metz \u00e0 V\u00e9lo est une association fond\u00e9e pour promouvoir l\u2019usage du v\u00e9lo dans l\u2019agglom\u00e9ration messine.<\/strong><\/p>\n<p><img fetchpriority=\"high\" decoding=\"async\" class=\"BiCYpc\" src=\"https:\/\/lh3.googleusercontent.com\/pw\/AJFCJaWp-4exbuGM_e8PUcogKqU7-ASWbEkOy-dWMUr11vW49eyNSFig9OvEnFRtAFNtfUDt_MUPxLdoIquAnn2N3Sm2-3U2qSoJMNQ4o6kfNUyV5Ts75ZDj3iVtQcFqeCeXdrhoaIK_HIDspJbvdnooXY9ldg=w1172-h878-s-no?authuser=0\" width=\"1035\" height=\"776\" data-atf=\"false\" data-iml=\"196569\" aria-label=\"Photo - Paysage - 3 juil. 2022, 09:37:44\"><\/p>\n<p><!-- \/wp:paragraph --><\/p>\n<p><!-- wp:image {\"id\":1105,\"width\":572,\"height\":381,\"sizeSlug\":\"large\",\"linkDestination\":\"none\"} --><\/p>\n<figure>\n<figcaption>&nbsp;&nbsp;&nbsp;&nbsp;&nbsp;&nbsp;&nbsp;&nbsp;&nbsp;&nbsp;&nbsp;&nbsp;&nbsp;&nbsp;&nbsp;&nbsp; D\u00e9part d&rsquo;une Balade, devant la Maison du V\u00e9lo. Et\u00e9 2022.<\/figcaption>\n<\/figure>\n<p><!-- \/wp:image --><\/p>\n<p><!-- wp:heading {\"level\":3,\"style\":{\"color\":{\"text\":\"#ecac00\"}}} --><\/p>\n<h3 style=\"color: #ecac00;\">Notre histoire<\/h3>\n<p><!-- \/wp:heading --><\/p>\n<p><!-- wp:paragraph --><\/p>\n<p>Cr\u00e9\u00e9e en 1994, l\u2019association \u00ab&nbsp;Metz \u00e0 V\u00e9lo&nbsp;\u00bb a lutt\u00e9 pour donner sa place au v\u00e9lo, tout d\u2019abord sur le centre pi\u00e9tonnier de Metz, o\u00f9 la circulation \u00e0 v\u00e9lo \u00e9tait interdite. Des manifestations \u00e9taient r\u00e9guli\u00e8rement organis\u00e9es pour protester contre cette interdiction et favoriser la circulation \u00e0 v\u00e9lo, puis la cr\u00e9ation d\u2019itin\u00e9raires cyclables dans les ann\u00e9es 2000.<\/p>\n<p><!-- \/wp:paragraph --><\/p>\n<p><!-- wp:paragraph --><\/p>\n<p>L<b>a Maison du V\u00e9lo<\/b> a \u00e9t\u00e9 cr\u00e9\u00e9e en octobre 2014, avec la mise en place d&rsquo;un grand nombre de services, dont l&rsquo;atelier participatif. Install\u00e9 d&rsquo;abord&nbsp; au 10 rue Basse Seille, nous avons d\u00e9m\u00e9nag\u00e9 pour un nouveau local plus spacieux et mieux adapt\u00e9 en septembre 2020 au 3 avenue Leclerc de Hauteclocque.<\/p>\n<p><!-- \/wp:paragraph --><\/p>\n<p><!-- wp:heading {\"level\":3,\"style\":{\"color\":{\"text\":\"#ecac00\"}}} --><\/p>\n<h3 style=\"color: #ecac00;\">Nos activit\u00e9s<\/h3>\n<p><!-- \/wp:heading --><\/p>\n<p><!-- wp:paragraph --><\/p>\n<p>Nous proposons diverses activit\u00e9s pour inciter les habitants \u00e0 se mettre au v\u00e9lo :<\/p>\n<p><strong>\u2013 un <a href=\"https:\/\/www.metzavelo.fr\/activites\/ateliers\/\" target=\"_blank\" rel=\"noreferrer noopener\" data-type=\"page\" data-id=\"131\">atelier associatif<\/a> de r\u00e9paration<br>\u2013 un <a href=\"https:\/\/www.metzavelo.fr\/activites\/centre-de-documentation\/\" target=\"_blank\" rel=\"noreferrer noopener\" data-type=\"page\" data-id=\"133\">centre de documentation<\/a> sur le v\u00e9lo<br>\u2013 des <a href=\"https:\/\/www.metzavelo.fr\/activites\/balades-a-velo\/\" target=\"_blank\" rel=\"noreferrer noopener\" data-type=\"page\" data-id=\"110\">balades<\/a><br>\u2013 une <a href=\"https:\/\/www.metzavelo.fr\/activites\/ecole-de-velo\/\" data-type=\"page\" data-id=\"102\">\u00e9cole de v\u00e9lo <\/a><br>\u2013 des bourses aux v\u00e9los<\/strong> et autres \u00e9v\u00e9nements<\/p>\n<p><!-- \/wp:paragraph --><\/p>\n<p><!-- wp:paragraph --><\/p>\n<p>Nous agissons aupr\u00e8s des \u00e9lus pour qu\u2019une v\u00e9ritable politique d\u2019int\u00e9gration du v\u00e9lo soit mise en place.<\/p>\n<p><\/p>\n<h3><span style=\"color: #ecac00;\">Nos statuts<\/span><\/h3>\n<p>&nbsp;Nos statuts sont <a href=\"https:\/\/www.metzavelo.fr\/wp-content\/uploads\/2023\/06\/Metz-a-Velo-Status-signes.pdf\">t\u00e9l\u00e9chargeables ici<\/a><\/p>\n<h3><span style=\"color: #ecac00;\">Les comptes rendus d&rsquo;Assembl\u00e9e G\u00e9n\u00e9rale<\/span><\/h3>\n<p><strong>2024 :<\/strong><\/p>\n<ul>\n<li><a href=\"https:\/\/www.metzavelo.fr\/wp-content\/uploads\/2025\/04\/Metz_A_Velo_Proces_Verbal_AG_2024.pdf\">Le PV d&rsquo;AG<\/a><\/li>\n<li><a href=\"https:\/\/www.metzavelo.fr\/wp-content\/uploads\/2025\/04\/Metz_A_Velo_Rapport_Activite_2024.pdf\">Le compte rendu d&rsquo;activit\u00e9<\/a><\/li>\n<li><a href=\"https:\/\/www.metzavelo.fr\/wp-content\/uploads\/2025\/03\/Compte-rendu-financier-2024-1.pdf\">Le compte rendu financier<\/a><\/li>\n<\/ul>\n<p><strong>2023 :<\/strong><\/p>\n<ul>\n<li><a href=\"https:\/\/www.metzavelo.fr\/wp-content\/uploads\/2024\/03\/Metz_A_Velo_Proces_Verbal_AG_2023.pdf\" target=\"_blank\" rel=\"noopener\">Le PV d&rsquo;AG<\/a><\/li>\n<li><a href=\"https:\/\/www.metzavelo.fr\/wp-content\/uploads\/2024\/03\/Metz_A_Velo_Rapport_Activite_2023-1.pdf\" target=\"_blank\" rel=\"noopener\">Le compte rendu d&rsquo;activit\u00e9<\/a><\/li>\n<li><a href=\"https:\/\/www.metzavelo.fr\/wp-content\/uploads\/2024\/03\/Compte-rendu-financier-2023-1.pdf\" target=\"_blank\" rel=\"noopener\">Le compte rendu financier<\/a><\/li>\n<\/ul>\n<p><!-- \/wp:paragraph --><\/p>\n<p><!-- wp:heading {\"level\":3,\"textColor\":\"luminous-vivid-amber\"} --><\/p>\n<h3><span style=\"color: #ecac00;\">Plus d&rsquo;adh\u00e9rents, plus de poids<\/span><\/h3>\n<p><!-- \/wp:heading --><\/p>\n<p><!-- wp:paragraph --><\/p>\n<p>En 2025, nous \u00e9tions 728 adh\u00e9rents.<\/p>\n<p><strong>Plus nous serons nombreux, plus nous serons entendus, alors <a href=\"https:\/\/www.metzavelo.fr\/devenir-adherent\/\" data-type=\"page\" data-id=\"1779\">rejoignez-nous<\/a> ! <br><\/strong><\/p>\n<p><strong>&nbsp;<\/strong><\/p>\n<p><\/p>\n<p><!-- \/wp:paragraph --><\/p>\t\t\t\t\t\t\t\t<\/div>\n\t\t\t\t<\/div>\n\t\t\t\t\t<\/div>\n\t\t<\/div>\n\t\t\t\t\t<\/div>\n\t\t<\/section>\n\t\t\t\t<\/div>\n\t\t","protected":false},"excerpt":{"rendered":"<p>Metz \u00e0 V\u00e9lo est une association fond\u00e9e pour promouvoir l\u2019usage du v\u00e9lo dans l\u2019agglom\u00e9ration messine. &nbsp;&nbsp;&nbsp;&nbsp;&nbsp;&nbsp;&nbsp;&nbsp;&nbsp;&nbsp;&nbsp;&nbsp;&nbsp;&nbsp;&nbsp;&nbsp; D\u00e9part d&rsquo;une Balade, devant la Maison du V\u00e9lo. Et\u00e9 2022. Notre histoire Cr\u00e9\u00e9e en 1994, l\u2019association \u00ab&nbsp;Metz \u00e0 V\u00e9lo&nbsp;\u00bb a lutt\u00e9 pour donner sa place au v\u00e9lo, tout d\u2019abord sur le centre pi\u00e9tonnier de Metz, o\u00f9 la circulation \u00e0 [&hellip;]<\/p>\n","protected":false},"author":4,"featured_media":0,"parent":0,"menu_order":0,"comment_status":"closed","ping_status":"closed","template":"","meta":{"footnotes":""},"class_list":["post-1768","page","type-page","status-publish","hentry"],"_links":{"self":[{"href":"https:\/\/www.metzavelo.fr\/index.php?rest_route=\/wp\/v2\/pages\/1768","targetHints":{"allow":["GET"]}}],"collection":[{"href":"https:\/\/www.metzavelo.fr\/index.php?rest_route=\/wp\/v2\/pages"}],"about":[{"href":"https:\/\/www.metzavelo.fr\/index.php?rest_route=\/wp\/v2\/types\/page"}],"author":[{"embeddable":true,"href":"https:\/\/www.metzavelo.fr\/index.php?rest_route=\/wp\/v2\/users\/4"}],"replies":[{"embeddable":true,"href":"https:\/\/www.metzavelo.fr\/index.php?rest_route=%2Fwp%2Fv2%2Fcomments&post=1768"}],"version-history":[{"count":80,"href":"https:\/\/www.metzavelo.fr\/index.php?rest_route=\/wp\/v2\/pages\/1768\/revisions"}],"predecessor-version":[{"id":5128,"href":"https:\/\/www.metzavelo.fr\/index.php?rest_route=\/wp\/v2\/pages\/1768\/revisions\/5128"}],"wp:attachment":[{"href":"https:\/\/www.metzavelo.fr\/index.php?rest_route=%2Fwp%2Fv2%2Fmedia&parent=1768"}],"curies":[{"name":"wp","href":"https:\/\/api.w.org\/{rel}","templated":true}]}}

<div data-elementor-type="wp-page" data-elementor-id="1768" class="elementor elementor-1768" data-elementor-post-type="page">
						<section class="elementor-section elementor-top-section elementor-element elementor-element-56964601 elementor-section-boxed elementor-section-height-default elementor-section-height-default" data-id="56964601" data-element_type="section" data-e-type="section">
						<div class="elementor-container elementor-column-gap-default">
					<div class="elementor-column elementor-col-100 elementor-top-column elementor-element elementor-element-5e7e94b4" data-id="5e7e94b4" data-element_type="column" data-e-type="column">
			<div class="elementor-widget-wrap elementor-element-populated">
						<div class="elementor-element elementor-element-7473a4e elementor-widget elementor-widget-text-editor" data-id="7473a4e" data-element_type="widget" data-e-type="widget" data-widget_type="text-editor.default">
				<div class="elementor-widget-container">
									<p><strong>Metz à Vélo est une association fondée pour promouvoir l’usage du vélo dans l’agglomération messine.</strong></p>
<p><img fetchpriority="high" decoding="async" class="BiCYpc" src="https://lh3.googleusercontent.com/pw/AJFCJaWp-4exbuGM_e8PUcogKqU7-ASWbEkOy-dWMUr11vW49eyNSFig9OvEnFRtAFNtfUDt_MUPxLdoIquAnn2N3Sm2-3U2qSoJMNQ4o6kfNUyV5Ts75ZDj3iVtQcFqeCeXdrhoaIK_HIDspJbvdnooXY9ldg=w1172-h878-s-no?authuser=0" width="1035" height="776" data-atf="false" data-iml="196569" aria-label="Photo - Paysage - 3 juil. 2022, 09:37:44"></p>
<p><!-- /wp:paragraph --></p>
<p><!-- wp:image {"id":1105,"width":572,"height":381,"sizeSlug":"large","linkDestination":"none"} --></p>
<figure>
<figcaption>&nbsp;&nbsp;&nbsp;&nbsp;&nbsp;&nbsp;&nbsp;&nbsp;&nbsp;&nbsp;&nbsp;&nbsp;&nbsp;&nbsp;&nbsp;&nbsp; Départ d&rsquo;une Balade, devant la Maison du Vélo. Eté 2022.</figcaption>
</figure>
<p><!-- /wp:image --></p>
<p><!-- wp:heading {"level":3,"style":{"color":{"text":"#ecac00"}}} --></p>
<h3 style="color: #ecac00;">Notre histoire</h3>
<p><!-- /wp:heading --></p>
<p><!-- wp:paragraph --></p>
<p>Créée en 1994, l’association «&nbsp;Metz à Vélo&nbsp;» a lutté pour donner sa place au vélo, tout d’abord sur le centre piétonnier de Metz, où la circulation à vélo était interdite. Des manifestations étaient régulièrement organisées pour protester contre cette interdiction et favoriser la circulation à vélo, puis la création d’itinéraires cyclables dans les années 2000.</p>
<p><!-- /wp:paragraph --></p>
<p><!-- wp:paragraph --></p>
<p>L<b>a Maison du Vélo</b> a été créée en octobre 2014, avec la mise en place d&rsquo;un grand nombre de services, dont l&rsquo;atelier participatif. Installé d&rsquo;abord&nbsp; au 10 rue Basse Seille, nous avons déménagé pour un nouveau local plus spacieux et mieux adapté en septembre 2020 au 3 avenue Leclerc de Hauteclocque.</p>
<p><!-- /wp:paragraph --></p>
<p><!-- wp:heading {"level":3,"style":{"color":{"text":"#ecac00"}}} --></p>
<h3 style="color: #ecac00;">Nos activités</h3>
<p><!-- /wp:heading --></p>
<p><!-- wp:paragraph --></p>
<p>Nous proposons diverses activités pour inciter les habitants à se mettre au vélo :</p>
<p><strong>– un <a href="https://www.metzavelo.fr/activites/ateliers/" target="_blank" rel="noreferrer noopener" data-type="page" data-id="131">atelier associatif</a> de réparation<br>– un <a href="https://www.metzavelo.fr/activites/centre-de-documentation/" target="_blank" rel="noreferrer noopener" data-type="page" data-id="133">centre de documentation</a> sur le vélo<br>– des <a href="https://www.metzavelo.fr/activites/balades-a-velo/" target="_blank" rel="noreferrer noopener" data-type="page" data-id="110">balades</a><br>– une <a href="https://www.metzavelo.fr/activites/ecole-de-velo/" data-type="page" data-id="102">école de vélo </a><br>– des bourses aux vélos</strong> et autres événements</p>
<p><!-- /wp:paragraph --></p>
<p><!-- wp:paragraph --></p>
<p>Nous agissons auprès des élus pour qu’une véritable politique d’intégration du vélo soit mise en place.</p>
<p></p>
<h3><span style="color: #ecac00;">Nos statuts</span></h3>
<p>&nbsp;Nos statuts sont <a href="https://www.metzavelo.fr/wp-content/uploads/2023/06/Metz-a-Velo-Status-signes.pdf">téléchargeables ici</a></p>
<h3><span style="color: #ecac00;">Les comptes rendus d&rsquo;Assemblée Générale</span></h3>
<p><strong>2024 :</strong></p>
<ul>
<li><a href="https://www.metzavelo.fr/wp-content/uploads/2025/04/Metz_A_Velo_Proces_Verbal_AG_2024.pdf">Le PV d&rsquo;AG</a></li>
<li><a href="https://www.metzavelo.fr/wp-content/uploads/2025/04/Metz_A_Velo_Rapport_Activite_2024.pdf">Le compte rendu d&rsquo;activité</a></li>
<li><a href="https://www.metzavelo.fr/wp-content/uploads/2025/03/Compte-rendu-financier-2024-1.pdf">Le compte rendu financier</a></li>
</ul>
<p><strong>2023 :</strong></p>
<ul>
<li><a href="https://www.metzavelo.fr/wp-content/uploads/2024/03/Metz_A_Velo_Proces_Verbal_AG_2023.pdf" target="_blank" rel="noopener">Le PV d&rsquo;AG</a></li>
<li><a href="https://www.metzavelo.fr/wp-content/uploads/2024/03/Metz_A_Velo_Rapport_Activite_2023-1.pdf" target="_blank" rel="noopener">Le compte rendu d&rsquo;activité</a></li>
<li><a href="https://www.metzavelo.fr/wp-content/uploads/2024/03/Compte-rendu-financier-2023-1.pdf" target="_blank" rel="noopener">Le compte rendu financier</a></li>
</ul>
<p><!-- /wp:paragraph --></p>
<p><!-- wp:heading {"level":3,"textColor":"luminous-vivid-amber"} --></p>
<h3><span style="color: #ecac00;">Plus d&rsquo;adhérents, plus de poids</span></h3>
<p><!-- /wp:heading --></p>
<p><!-- wp:paragraph --></p>
<p>En 2025, nous étions 728 adhérents.</p>
<p><strong>Plus nous serons nombreux, plus nous serons entendus, alors <a href="https://www.metzavelo.fr/devenir-adherent/" data-type="page" data-id="1779">rejoignez-nous</a> ! <br></strong></p>
<p><strong>&nbsp;</strong></p>
<p></p>
<p><!-- /wp:paragraph --></p>								</div>
				</div>
					</div>
		</div>
					</div>
		</section>
				</div>

<p>Metz à Vélo est une association fondée pour promouvoir l’usage du vélo dans l’agglomération messine. &nbsp;&nbsp;&nbsp;&nbsp;&nbsp;&nbsp;&nbsp;&nbsp;&nbsp;&nbsp;&nbsp;&nbsp;&nbsp;&nbsp;&nbsp;&nbsp; Départ d&rsquo;une Balade, devant la Maison du Vélo. Eté 2022. Notre histoire Créée en 1994, l’association «&nbsp;Metz à Vélo&nbsp;» a lutté pour donner sa place au vélo, tout d’abord sur le centre piétonnier de Metz, où la circulation à [&hellip;]</p>
